ided by m.
36
Let k = -448 + 68. Let s = -338 - k. What is the remainder when 418 is divided by s?
40
What is the remainder when 90/(-60) + ((-3174)/4)/(-3) is divided by 63?
11
Let h be (-4 - -2)/(2/(-10)). Suppose -h*v - 901 = -3441. Calculate the remainder when v is divided by 85.
84
Suppose 0 = 3*x + 2*g - 527, 90 = 2*x - 11*g - 323. Calculate the remainder when 3040 is divided by x.
176
Suppose 0 = 5*w + 2*j - 49 - 133, -j = 5*w - 181. What is the remainder when 381 is divided by w?
21
Let w = 15 - -11. Suppose -6*q + 5*q = -391. Suppose -368 = -11*m + q. What is the remainder when m is divided by w?
17
Let n(a) = 2*a**3 + 22*a**2 - 6. Let h be n(-11). What is the remainder when 29 is divided by 1 - (-17 + h + 9)?
14
Let h(v) = 2*v**2 - 97*v + 12. Let i(l) = -l**2 + 33*l - 4. Let y(a) = 4*h(a) + 11*i(a). What is the remainder when 225 is divided by y(-8)?
9
Suppose 5*f - 3*d - 175 + 44 = 0, 2*f - 5*d = 60. Calculate the remainder when f is divided by (-235)/(-15) + 84/(-126).
10
Let q = 366 - 390. Let p = q - -255. What is the remainder when p is divided by 60?
51
Let k = -85 - -73. Let m = 21 - k. Calculate the remainder when 131 is divided by m.
32
Let s(g) = 5*g**2 - 6*g - 54. Calculate the remainder when s(-12) is divided by 36.
18
Let a = -9425 - -9876. What is the remainder when a is divided by 92?
83
Let c(t) = 231*t - 420. Calculate the remainder when 336 is divided by c(2).
0
Let j(s) = -33*s**3. Suppose -54*o + 58*o - 4*q = 52, 3*o = 2*q + 40. What is the remainder when j(-2) is divided by o?
12
Let f be 2 - 3 - (21 - (0 + 0)). Let u be 4 + 29/(-7) + f/(-7). Suppose n + 4*d = 141, u*d - 140 = -2*n + n. Calculate the remainder when n is divided by 28.
25
Let c(j) = 14*j**2 + 221*j - 35. Suppose 0 = -3*z + 6*z - 27. Calculate the remainder when c(-16) is divided by z.
4
Let o = -202 + 377. Suppose 5*r - o = -60. What is the remainder when 65 is divided by r?
19
Let a = -3364 - -3389. Calculate the remainder when 224 is divided by a.
24
Calculate the remainder when 489 is divided by (-6)/8 + (7 - 417/(-12)).
38
Suppose 4*u - 90 = 5*g, -5*u - 5*g = -2*u - 50. Suppose -25*b = -27*b + 40. What is the remainder when u is divided by b?
0
Suppose -512 = -57*f + 343. Calculate the remainder when 188 is divided by f.
8
Let n = 1884 + -884. Calculate the remainder when n is divided by 7.
6
Let v(b) = 86*b**3 - b. Let o be v(1). Suppose -36 + o = 7*n. Calculate the remainder when n is divided by 2.
1
Suppose 103*n = 52*n + 4029. What is the remainder when 206 is divided by n?
48
Let v(b) = 6*b**2 - 3*b + 4. Calculate the remainder when v(5) is divided by (2*(-8)/12)/(6/(-126)).
27
Let s be 11/(-22) + 5/2. Suppose -o + 31 = 4*f, 3*f + s*f - 4*o - 23 = 0. Calculate the remainder when f is divided by 2.
1
Let p(m) = -2*m**2 + 391*m - 3964. What is the remainder when p(184) is divided by 139?
129
Suppose -290 = 5*j + 3*x - 0*x, -2*x + 265 = -5*j. Let i = j + 58. Suppose 10 = 2*y, 4*y - 10 = -i*d + 37. Calculate the remainder when 25 is divided by d.
7
Suppose -2184*t = -2191*t + 1841. What is the remainder when t is divided by 71?
50
Suppose 0 = -0*n + 5*n + 3*r - 484, 4*r + 428 = 5*n. Calculate the remainder when 19133 is divided by n.
89
Suppose -111*q = -117*q. Suppose 29*k - 173 - 146 = q. What is the remainder when 109 is divided by k?
10
Let s be ((-1)/(-2))/((-1)/(-4)). Suppose 0*b = -s*b + 270. Let h = -26418 - -26452. Calculate the remainder when b is divided by h.
33
Calculate the remainder when 2/12 - (-47233)/894 is divided by 492/18 - (-1)/(-3).
26
Suppose 5*i - 4*s + 163 = 5, 3*i + 86 = -2*s. Calculate the remainder when 76 is divided by 5/i - (-575)/30.
0
Let l(p) = 19*p + 400. Let b(j) = 28*j + 602. Let r(w) = -5*b(w) + 8*l(w). Calculate the remainder when r(-13) is divided by 7 - 0*(-1 + 0).
6
Calculate the remainder when 388 is divided by 32/10 - 2 - (-555960)/3075.
24
Let q be -11 + 15 + (24 - 0). Suppose 5*i = q + 32. What is the remainder when -4 + (143/22)/(1/6) is divided by i?
11
Let w(r) = -r**3 - 6*r**2 + 9*r + 17. Let a be w(-7). What is the remainder when 58 is divided by -60*(a - 14/4)?
28
Suppose 0 = 4*i - d - 3384, 2*i - 3364 = -2*i - 4*d. Suppose 2*r - 364 = -4*z - 44, -z + i = 5*r. What is the remainder when r is divided by 41?
6
Calculate the remainder when 34/(-119) - (9/21)/3*-709 is divided by 8.
5
Suppose -33073*y = -33069*y - 1708. Calculate the remainder when 921 is divided by y.
67
Let p(k) = 25*k**2 - 3*k + 3. Suppose 0 = 4*o - 3*h - 1068, 2*o - 4*h = -h + 528. Calculate the remainder when o is divided by p(1).
20
Let l = 21 - 36. Let u be 6/l - (-2 - (-303)/5). Calculate the remainder when (-25)/15 + 2 - u/3 is divided by 12.
8
What is the remainder when 97 is divided by (10 + 1026/(-90))/(84/(-40) + 2)?
13
Calculate the remainder when 127 is divided by (-4)/(16/(-65)) + 1089/(-484).
1
Let v(u) = u**3 + 17*u**2 - u - 11. Let x = -20 + 63. Let k = x - 0. What is the remainder when k is divided by v(-17)?
1
Calculate the remainder when 500 is divided by (87/6)/(10/80*4/6).
152
Let i be 3 + ((-161)/(-46))/((-1)/2). Let d = 23 - 7. Calculate the remainder when i/(-10)*(-20 - -15) - -95 is divided by d.
13
Let q = -259 + 669. Let g(y) = y**3 + 4*y**2 - 43*y - 154. What is the remainder when q is divided by g(-4)?
14
Let v(j) = -3*j**2 - 12*j - 4. Let m be v(-5). Let t = m - -27. Let z(k) = k - 2. Calculate the remainder when 27 is divided by z(t).
3
Let y(a) be the third derivative of 4/3*a**3 + 1/12*a**4 - 3*a**2 + 0 + 0*a. What is the remainder when y(-3) is divided by 1?
0
Suppose 0 = -4*g + 20 + 32. Let a(x) = -x**2 - 9*x - 907. Let f be a(0). Let i = 930 + f. Calculate the remainder when i is divided by g.
10
Let o = -244 - -131. Let b = -119 - o. Calculate the remainder when 11 is divided by (-18)/b - (-5 + 0).
3
Let c = 72 + -378. Let v = -283 - c. What is the remainder when 666 is divided by v?
22
Suppose -38*h = -236 - 144. Suppose 6*a - h = 194. What is the remainder when 121 is divided by a?
19
Let x(d) = -d**3 + 8*d**2 + d + 22. Let n be x(6). Suppose -13*j = -11*j - n. What is the remainder when 96 is divided by j?
46
Suppose 4*q = -q + 10. Suppose 0*x - x - q = 0, -4*b = 3*x - 22. Suppose 5*f = b + 43. Calculate the remainder when 19 is divided by f.
9
Suppose 3*y + 12385 = 2*f, 98*f - 96*f + 4*y = 12392. Calculate the remainder when f is divided by 40.
34
Let t(s) = 426*s - 5942. Calculate the remainder when 481 is divided by t(14).
19
Let i(y) = y**2 + 279*y + 1913. Calculate the remainder when (-112)/(-1) + 2/1 is divided by i(-7).
6
Let g = 7187 + -6954. Calculate the remainder when 1621 is divided by g.
223
Calculate the remainder when (-1827)/(-12) + (-126)/(-168) is divided by 34.
17
Suppose -1969 - 757 = -18*j - 11*j. What is the remainder when j is divided by 44?
6
Let l(m) = 4*m**2 - 50*m + 1. Let x be ((-2)/3)/(2/(-9)). Suppose x*s = -2*s + 50. Calculate the remainder when l(13) is divided by s.
7
Let k be 8 + (-24)/14*(-21)/(-6). Suppose 13*g - 15*g + 1051 = s, k*s - 2137 = 3*g. Calculate the remainder when s is divided by 56.
53
Let f = 290 - 295. Let j(k) = -k**2 - 8*k + 4. What is the remainder when 3/(-5) - (115/(-25) + f) is divided by j(-8)?
1
What is the remainder when 11182 is divided by (5 + 14)*12 + 35/5 - -3?
234
Suppose 3*k = 34 + 38. Let a be -1 + (2 + 3 - -3). What is the remainder when a/((-42)/188)*-3 is divided by k?
22
Suppose -143*o + 32*o = 83*o - 59558. Calculate the remainder when o is divided by 35.
27
Let w(s) = 11*s**2 - 5 + 124*s + 13 - 49*s - 1 - 8. What is the remainder when w(-8) is divided by 13?
12
Let m = -70 + 75. Suppose m*z + 17 = 27. Suppose 53 = z*r + 3. What is the remainder when 199 is divided by r?
24
Let i(q) = -34 - 7 - 5*q - 26*q**2 + 27*q**2. What is the remainder when i(13) is divided by 5?
3
Let d(a) be the second derivative of -7*a**3/6 - 129*a**2/2 - 5*a. What is the remainder when d(-23) is divided by 30?
2
Let c(p) = 95*p - 2326. What is the remainder when 16846 is divided by c(26)?
142
Let w(t) = 2*t - 10. Suppose -7*u - 1090 = -17*u. Calculate the remainder when u is divided by w(9).
5
Suppose -63*s = -195*s + 98736. What is the remainder when s is divided by 21?
13
Let w(d) = 3*d**3 - 3*d**2 + 1. Let i = -360 - -363. Calculat